What is the remainder when (0 - 6)*a/u is divided by 7?
1
What is the remainder when 1779 is divided by 25/(300/996) - (-1)/(1/6)?
88
Let z(t) = 2*t**2 - 15*t + 5. Let h be z(9). Let r = h + -20. Suppose 11*s + 7 = r*s. What is the remainder when 33 is divided by s?
5
Suppose 184 + 64 = 3*h - 5*l, 28 = -4*l. What is the remainder when 1336 is divided by h?
58
Let a = -8 + 12. Suppose -54 = -a*h - 18. Suppose 4*g - 44 = 392*q - 394*q, -20 = 4*g. Calculate the remainder when q is divided by h.
5
Let p be (-4)/14 - 2/(-7). Suppose 66*m - 80 = 50*m. Suppose p = -2*i - 6, 2*b - m*i - 35 = -0*i. What is the remainder when 17 is divided by b?
7
Suppose -q - 2 = -3*q. Suppose r - q = 9. Calculate the remainder when (-148)/(-3478) - ((-132174)/282)/7 is divided by r.
7
Let o = 448 - -21527. Calculate the remainder when o is divided by 222.
219
Suppose 5*n + 2626 - 281 = 0. Let w = n - -477. Calculate the remainder when 37 is divided by w.
5
Let l(g) = -g**3 - 16*g**2 + 30*g + 142. What is the remainder when l(-19) is divided by 56?
39
Suppose -3*u + 7 = -2*k - 4, 3*k = -3*u - 24. Let s = -37 + 10. Let m = k - s. What is the remainder when 58 is divided by m?
18
Suppose -3*b + 3816 = -3*i, -3*b = -0*b + 2*i - 3801. What is the remainder when b is divided by 420?
9
Suppose 12 = 2*n - 2*a, 5*n - 3*a - 30 = -8*a. Calculate the remainder when 37 is divided by n - ((-3 + -1)/1 - -2).
5
Let h(c) = c**3 - 31*c**2 - 34*c + 68. Let j be h(32). Suppose -8*b + j*b + 564 = 3*z, -2*z + 376 = -3*b. What is the remainder when z is divided by 92?
4
Let w = 107 + -93. Let k(d) = -d**3 + 13*d**2 + 13*d - 3. Let s be k(w). What is the remainder when 82 is divided by (-1 - (-5)/2)*(s - -21)?
4
Suppose j - 2*j + 47 = 0. Let c(q) = 22*q**2 - 19*q - 2. Let v be c(1). What is the remainder when (0 + v + 0)*j is divided by 24?
23
Let c be ((12/9)/(-2))/((-4)/762). Let p = c + -62. Suppose -2*z = 3*z - p. What is the remainder when 20 is divided by z?
7
Let b(s) = 8*s**3 + s**2 - 18*s - 14. What is the remainder when b(3) is divided by 84?
73
Suppose -112 = -4*k + b, -1 - 11 = -3*b. Suppose 0 = v + 2*v + 5*m - 160, -4*v + 224 = -4*m. Calculate the remainder when v is divided by k.
26
Calculate the remainder when 347 is divided by -54*((-1 - 6/3) + 14/21).
95
Let d be (-12)/10 - 1734/255. Calculate the remainder when 10 is divided by 6 + d + 16 + -9.
0
Let g be (-236)/(-1) + (8 - 2) - 5. Suppose 4*d + 2*r = 984, d + 4*r + r - g = 0. Calculate the remainder when d is divided by 119.
9
Let q be 8/3*(-12 - 891/(-36)). Suppose 0 = 28*g - q*g + 312. Calculate the remainder when ((-8)/4)/((-4)/306) is divided by g.
49
Let k = -158 - -109. Let z = 77 + k. What is the remainder when z is divided by (-1 - -20) + -3 + (2 - 2)?
12
Let j be (-30)/(-3) - -5*(-1 - 0). Calculate the remainder when 78 is divided by j/((-40)/(-58)) + 12/16.
6
Let m = -2465 + 2763. Calculate the remainder when m is divided by 20.
18
Let h = 483 - 445. Calculate the remainder when (3 - -145) + -3 + 4 is divided by h.
35
Calculate the remainder when 728 is divided by 151 + -1 - -5*((-286)/55 - -5).
132
Let j = 32 - 28. Let s = -168 - -288. Suppose 8*n = -4*r + 4*n + s, r + j*n = 42. What is the remainder when 49 is divided by r?
23
Let x be 8/(-6) - 1684/(-3). Let f be x/30 - 1/(-3). Suppose -f = -i + 5. Calculate the remainder when 43 is divided by i.
19
Let r = -64 - -73. Suppose 301 = 3*t + 2*t - 2*j, 0 = -3*j - r. Calculate the remainder when 113 is divided by t.
54
Suppose 57*v + 5*h - 28111 = 53*v, 7*v - 5*h - 49208 = 0. What is the remainder when v is divided by 37?
36
Let s(w) = 325*w + 980. Suppose 0 = -0*n - n + 23. Calculate the remainder when n is divided by s(-3).
3
Let q(o) = -o**3 + 5*o**2 + o - 1. Suppose 3*p = 2*p + 5. Let b be q(p). Suppose -r + 0*r = 0, -t + b*r = -28. Calculate the remainder when t is divided by 15.
13
Let t = 3368 + -2441. What is the remainder when t is divided by 58?
57
Suppose -3*v + k = 66 - 2310, 0 = -2*v + 2*k + 1488. What is the remainder when v is divided by 16?
14
Suppose -24*a = -647 + 191. Suppose -125 = a*s - 676. What is the remainder when 172 is divided by s?
27
Let s(j) = -64*j**3 + 16 - 16*j + 6*j**2 - 77*j**3 + 142*j**3. Let y(p) = p**3 - 6*p**2 - 2*p - 2. Calculate the remainder when y(8) is divided by s(-8).
14
Suppose -5*y = 132 - 42. Let x(o) = o + 16. Calculate the remainder when x(11) is divided by (-6)/(-1)*y/(-27).
3
Let q = 30 + -24. Let p = 40 - 20. Calculate the remainder when p is divided by q.
2
Suppose 1230 = -3*u - 10*b + 7*b, 4*b - 1608 = 4*u. Let a = u + 548. Calculate the remainder when a is divided by 24.
22
Let v(s) = 3*s - 4*s - 2 + 5*s + 8. Let b be 5/2 - 2/4. What is the remainder when 26 is divided by v(b)?
12
Let v(w) = -2*w**2 - 328*w - 3350. What is the remainder when 4173 is divided by v(-153)?
13
Let i(q) = 79*q + 186. What is the remainder when i(3) is divided by 413?
10
Suppose -20*c + 860 = -18*c. Let f = -383 + c. What is the remainder when 127 is divided by f?
33
Let d(v) = 9*v**3 + v**2 + 66*v + 24. What is the remainder when d(13) is divided by 35?
34
Suppose 56 = o + 342. Let q = o + 299. Suppose -2*v + 3 = -3. What is the remainder when q is divided by v?
1
Let w(s) = -559*s + 5084. Calculate the remainder when w(5) is divided by 209.
199
Let t(f) = 2*f**2 + 16*f - 334. Calculate the remainder when t(12) is divided by 43.
17
Let z(y) = -176*y - 55. Suppose 0 = 5*t + 5*j + 35, 4*t - 5*j + 11 = -8. Let v be z(t). Suppose -16*c + 3*c = -v. What is the remainder when c is divided by 27?
23
Let p(n) = -n**3 + 5*n**2. Let v be p(5). Suppose v = 3*o - 4*o + 9. What is the remainder when (102/4)/(((-105)/(-28))/5) is divided by o?
7
Let t(u) = 3*u**2 + 22*u - 9. Let i be t(7). Suppose -27*j + 221 = -i. Calculate the remainder when 284 is divided by j.
18
Suppose 7 = u + 3*j - 26, 3*j + 75 = 5*u. Suppose 0 = 6*p + u + 66. What is the remainder when 16 is divided by -4 + (-182)/(-49) - 186/p?
3
What is the remainder when 142 is divided by (-8930)/(-110) - -3 - (-20)/(-110)?
58
Let o(d) = 5*d - 184. Let v be o(0). Let n(f) = f**3 - 14*f**2 - 6*f - 22. Let q be n(14). Let g = q - v. What is the remainder when g is divided by 10?
8
Let y(d) = 3*d**2 - 2*d - 2. Let s(z) = 4*z**2 - 16*z**3 - 3*z + 17*z**3 + 6*z. Let q be s(-2). Calculate the remainder when 22 is divided by y(q).
4
Let n = 75 - 70. Suppose 15 = -b - 5*d, 5*b + 4*d - n = 4. What is the remainder when 57 is divided by b?
2
Suppose 4*s + 3*r - 466 = 0, -3*s + 5*r + 565 = 2*s. Suppose 5*z = 29*z - 2952. Suppose -116*h = -z*h + 273. What is the remainder when s is divided by h?
37
Suppose 0 = 3*l + 4*l - 168. Let h = 53 - 56. Calculate the remainder when l is divided by 17 - (2 - h) - 5.
3
Let s(l) = 7*l**2 + 27*l + 44. What is the remainder when s(-4) is divided by 21?
6
Let u(p) = p**3 - 8*p**2 + 3*p - 9. Let x be u(4). Let h = -26 - x. Calculate the remainder when 3*(4 - h/(-3)) is divided by 10.
7
Let l = 20591 - 20517. What is the remainder when 327 is divided by l?
31
Suppose -86465 = -217*m + 41999. What is the remainder when 1196 is divided by m?
12
Let l be 74/(4/6*3) + -1. What is the remainder when (17 + 1 + 2)*l/24 is divided by (-4 - 29)*(-1)/3?
8
Suppose 0 = 5*n - 47 - 3. Let v(p) = -p**2 + 6*p + 9. Let g be v(8). Let i = g + n. What is the remainder when 14 is divided by i?
2
Let x = -41 + -14. Let u(f) = -f**2 + 20*f - 28. Let a be u(12). Let r = x + a. What is the remainder when 63 is divided by r?
11
Suppose -18*n = -76295 - 102707 - 120806. Calculate the remainder when n is divided by 28.
24
Let h(c) = c**2 - 29*c + 34. What is the remainder when h(-25) is divided by 2/(-6)*8/(64/(-2376))?
97
Suppose 3784*a = 3775*a + 927. What is the remainder when a is divided by 53?
50
What is the remainder when (((-52)/8)/(5 + -4))/(26/(-7124)) is divided by 295?
11
Let q(l) = -2*l - 3. Let z = 96 - 170. Let d = z - -101. Calculate the remainder when d is divided by q(-7).
5
Let n(t) = -29*t - 18. Let g be n(-1). Suppose j - 2*v - g = -8, 2 = v. What is the remainder when 94 is divided by j?
3
Let v(s) = -31*s + 959. What is the remainder when v(-27) is divided by 60?
56
Let n(s) = -3*s - 27. Let h be n(-19). Suppose 57 = -h*m + 33*m. Suppose 0*o + 2*o = -5*t + 9, -3*